{"id":333,"date":"2026-03-25T14:31:36","date_gmt":"2026-03-25T13:31:36","guid":{"rendered":"https:\/\/bit2.xyz\/ecup\/?page_id=333"},"modified":"2026-03-27T10:49:20","modified_gmt":"2026-03-27T09:49:20","slug":"unterkuenfte","status":"publish","type":"page","link":"https:\/\/euregio-cup.de\/?page_id=333","title":{"rendered":"Unterk\u00fcnfte"},"content":{"rendered":"<p>[et_pb_section fb_built=&#8220;1&#8243; _builder_version=&#8220;4.27.6&#8243; _module_preset=&#8220;default&#8220; global_colors_info=&#8220;{}&#8220; theme_builder_area=&#8220;post_content&#8220;][et_pb_row _builder_version=&#8220;4.27.6&#8243; _module_preset=&#8220;default&#8220; width=&#8220;100%&#8220; custom_padding=&#8220;0px||||false|false&#8220; border_width_top=&#8220;1px&#8220; border_color_top=&#8220;#cc141d&#8220; locked=&#8220;off&#8220; global_colors_info=&#8220;{}&#8220; theme_builder_area=&#8220;post_content&#8220;][et_pb_column type=&#8220;4_4&#8243; _builder_version=&#8220;4.27.6&#8243; _module_preset=&#8220;default&#8220; global_colors_info=&#8220;{}&#8220; theme_builder_area=&#8220;post_content&#8220;][et_pb_text _builder_version=&#8220;4.27.6&#8243; _module_preset=&#8220;default&#8220; header_2_font=&#8220;|600|on|||on|||&#8220; header_2_text_align=&#8220;center&#8220; header_2_text_color=&#8220;#FFFFFF&#8220; header_2_font_size=&#8220;20px&#8220; background_color=&#8220;#cc141d&#8220; width=&#8220;50%&#8220; custom_padding=&#8220;10px||||false|false&#8220; border_radii=&#8220;off|||10px|&#8220; global_colors_info=&#8220;{}&#8220; theme_builder_area=&#8220;post_content&#8220;]<\/p>\n<h2>\u00dcbernachtungsm\u00f6glichkeiten<\/h2>\n<p>[\/et_pb_text][et_pb_text _builder_version=&#8220;4.27.6&#8243; _module_preset=&#8220;default&#8220; global_colors_info=&#8220;{}&#8220; theme_builder_area=&#8220;post_content&#8220;]<\/p>\n<p><strong>Wo und wie kann ich schlafen?<\/strong><\/p>\n<p>Spieler, Leiter, Fahrer, Schiedsrichter und eventuelle Verwandte haben die M\u00f6glichkeit, in der Deegfelder Sporthalle zu n\u00e4chtigen.<\/p>\n<p><strong>Adresse: Deegfelder Weg 90, 48531 Nordhorn<\/strong><br \/><em>(zur Verf\u00fcgung gestellt von der Stadt Nordhorn)<\/em><\/p>\n<p><em><\/em><\/p>\n<p><strong><em>Hinweis:<\/p>\n<p>Da es sich um eine Sporthalle handelt, gibt es keine Stellw\u00e4nde oder dergleichen. Es wird zudem empfohlen, Isomatten und Schlafs\u00e4cke mitzunehmen.\u00a0<\/em><\/strong><\/p>\n<p><em><strong>In den Hallen gibt es ausreichend Sanit\u00e4ranlagen, welche genutzt werden k\u00f6nnen.\u00a0<\/strong><\/em><\/p>\n<p><em><strong>Die jeweiligen Teamverantwortlichen sind Ansprechpartner f\u00fcr die Veranstalter. Kommt es zu groben Verfehlungen, kann ein Ausschluss von der Veranstaltung durch den Veranstalter ausgesprochen werden.\u00a0<\/strong><\/em><\/p>\n<p><em><strong>Darum lasst uns ein tolles Turnier spielen und den Fokus auf das Sportliche und die Gemeinschaft legen.\u00a0<\/strong><\/em><\/p>\n<p><strong><em><\/em><\/strong><\/p>\n<p>[\/et_pb_text][\/et_pb_column][\/et_pb_row][et_pb_row _builder_version=&#8220;4.27.6&#8243; _module_preset=&#8220;default&#8220; global_colors_info=&#8220;{}&#8220; theme_builder_area=&#8220;post_content&#8220;][et_pb_column type=&#8220;4_4&#8243; _builder_version=&#8220;4.27.6&#8243; _module_preset=&#8220;default&#8220; global_colors_info=&#8220;{}&#8220; theme_builder_area=&#8220;post_content&#8220;][et_pb_image src=&#8220;https:\/\/euregio-cup.de\/wp-content\/uploads\/2026\/03\/deegfeld_halle.png&#8220; title_text=&#8220;deegfeld_halle&#8220; _builder_version=&#8220;4.27.6&#8243; _module_preset=&#8220;default&#8220; global_colors_info=&#8220;{}&#8220; theme_builder_area=&#8220;post_content&#8220;][\/et_pb_image][\/et_pb_column][\/et_pb_row][\/et_pb_section][et_pb_section fb_built=&#8220;1&#8243; theme_builder_area=&#8220;post_content&#8220; _builder_version=&#8220;4.27.6&#8243; _module_preset=&#8220;default&#8220;][et_pb_row _builder_version=&#8220;4.27.6&#8243; _module_preset=&#8220;default&#8220; width=&#8220;100%&#8220; custom_padding=&#8220;0px||||false|false&#8220; border_width_top=&#8220;1px&#8220; border_color_top=&#8220;#cc141d&#8220; locked=&#8220;off&#8220; global_colors_info=&#8220;{}&#8220; theme_builder_area=&#8220;post_content&#8220;][et_pb_column type=&#8220;4_4&#8243; _builder_version=&#8220;4.27.6&#8243; _module_preset=&#8220;default&#8220; global_colors_info=&#8220;{}&#8220; theme_builder_area=&#8220;post_content&#8220;][et_pb_text _builder_version=&#8220;4.27.6&#8243; _module_preset=&#8220;default&#8220; header_2_font=&#8220;|600|on|||on|||&#8220; header_2_text_align=&#8220;center&#8220; header_2_text_color=&#8220;#FFFFFF&#8220; header_2_font_size=&#8220;20px&#8220; background_color=&#8220;#cc141d&#8220; width=&#8220;50%&#8220; custom_padding=&#8220;10px||||false|false&#8220; border_radii=&#8220;off|||10px|&#8220; global_colors_info=&#8220;{}&#8220; theme_builder_area=&#8220;post_content&#8220;]<\/p>\n<h2>Verpflegung<\/h2>\n<p>[\/et_pb_text][et_pb_text _builder_version=&#8220;4.27.6&#8243; _module_preset=&#8220;default&#8220; global_colors_info=&#8220;{}&#8220; theme_builder_area=&#8220;post_content&#8220;]<\/p>\n<p><strong>Fr\u00fchst\u00fcck<\/strong><\/p>\n<p>Das Fr\u00fchst\u00fcck wird am Samstag und Sonntag jeweils um 08:00 Uhr bis 09:30 Uhr angeboten. Eingenommen werden kann es im Keller des Euregiums (Veranstaltungshalle).<\/p>\n<p><span style=\"text-decoration: underline;\">Men\u00fc<\/span><\/p>\n<ul>\n<li>Cornflakes &amp; Haferflocken<\/li>\n<li>Schwarz- &amp; Wei\u00dfbrot<\/li>\n<li>Br\u00f6tchen<\/li>\n<li>Butter<\/li>\n<li>Kaffee, Tee, Wasser<\/li>\n<li>Aufschnitt<\/li>\n<li>Marmelade<\/li>\n<li>u.w.<\/li>\n<\/ul>\n<p><strong>Tagesverpflegung<\/p>\n<p><\/strong>Zudem bieten wir den ganzen Tag Verpflegung in den Hallen der Kreissporthalle 1 und des Euregiums an. Au\u00dferhalb der Hallen bieten wir \u00fcber einen Grillstand verschiedene Speisen an.\u00a0<strong><\/strong><\/p>\n<p><span style=\"text-decoration: underline;\"><\/span><\/p>\n<p>[\/et_pb_text][\/et_pb_column][\/et_pb_row][\/et_pb_section]<\/p>\n","protected":false},"excerpt":{"rendered":"<p>\u00dcbernachtungsm\u00f6glichkeitenWo und wie kann ich schlafen? Spieler, Leiter, Fahrer, Schiedsrichter und eventuelle Verwandte haben die M\u00f6glichkeit, in der Deegfelder Sporthalle zu n\u00e4chtigen. Adresse: Deegfelder Weg 90, 48531 Nordhorn(zur Verf\u00fcgung gestellt von der Stadt Nordhorn) Hinweis: Da es sich um eine Sporthalle handelt, gibt es keine Stellw\u00e4nde oder dergleichen. Es wird zudem empfohlen, Isomatten und Schlafs\u00e4cke mitzunehmen.\u00a0 In den Hallen gibt es ausreichend Sanit\u00e4ranlagen, welche genutzt werden k\u00f6nnen.\u00a0 Die jeweiligen Teamverantwortlichen sind Ansprechpartner f\u00fcr die Veranstalter. Kommt es zu groben Verfehlungen, kann ein Ausschluss von der Veranstaltung durch den Veranstalter ausgesprochen werden.\u00a0 Darum lasst uns ein tolles Turnier spielen und den Fokus auf das Sportliche und die Gemeinschaft legen.\u00a0 VerpflegungFr\u00fchst\u00fcck Das Fr\u00fchst\u00fcck wird am Samstag und Sonntag jeweils um 08:00 Uhr bis 09:30 Uhr angeboten. Eingenommen werden kann es im Keller des Euregiums (Veranstaltungshalle). Men\u00fc Cornflakes &amp; Haferflocken Schwarz- &amp; Wei\u00dfbrot Br\u00f6tchen Butter Kaffee, Tee, Wasser Aufschnitt Marmelade u.w. Tagesverpflegung Zudem bieten wir den ganzen Tag Verpflegung in den Hallen der Kreissporthalle 1 und des Euregiums an. Au\u00dferhalb der Hallen bieten wir \u00fcber einen Grillstand verschiedene Speisen an.\u00a0<\/p>\n","protected":false},"author":1,"featured_media":0,"parent":0,"menu_order":0,"comment_status":"closed","ping_status":"closed","template":"","meta":{"_et_pb_use_builder":"on","_et_pb_old_content":"","_et_gb_content_width":"","footnotes":""},"class_list":["post-333","page","type-page","status-publish","hentry"],"_links":{"self":[{"href":"https:\/\/euregio-cup.de\/index.php?rest_route=\/wp\/v2\/pages\/333","targetHints":{"allow":["GET"]}}],"collection":[{"href":"https:\/\/euregio-cup.de\/index.php?rest_route=\/wp\/v2\/pages"}],"about":[{"href":"https:\/\/euregio-cup.de\/index.php?rest_route=\/wp\/v2\/types\/page"}],"author":[{"embeddable":true,"href":"https:\/\/euregio-cup.de\/index.php?rest_route=\/wp\/v2\/users\/1"}],"replies":[{"embeddable":true,"href":"https:\/\/euregio-cup.de\/index.php?rest_route=%2Fwp%2Fv2%2Fcomments&post=333"}],"version-history":[{"count":8,"href":"https:\/\/euregio-cup.de\/index.php?rest_route=\/wp\/v2\/pages\/333\/revisions"}],"predecessor-version":[{"id":423,"href":"https:\/\/euregio-cup.de\/index.php?rest_route=\/wp\/v2\/pages\/333\/revisions\/423"}],"wp:attachment":[{"href":"https:\/\/euregio-cup.de\/index.php?rest_route=%2Fwp%2Fv2%2Fmedia&parent=333"}],"curies":[{"name":"wp","href":"https:\/\/api.w.org\/{rel}","templated":true}]}}